3 + -2 - 2)*-1*48. Let g = n - -310. What are the prime factors of g?
2, 179
Let p = -173620 - -255593. What are the prime factors of p?
81973
Let l(j) = j**2 - 2*j - 10. Let u be l(5). What are the prime factors of ((-315)/(-27) - u)*(-414)/(-5)?
2, 3, 23
Let m(k) = 16*k**3 - 8*k**2 + 40*k - 261. What are the prime factors of m(7)?
3, 5, 11, 31
Let p be (-24)/4 - -927 - -7. Suppose -2*c + 3838 - p = 0. What are the prime factors of c?
3, 5, 97
Suppose u - 27344 = t, 143*u + 27353 = 144*u - 2*t. What are the prime factors of u?
5, 7, 11, 71
Let f(c) = -c + 3. Let m be f(3). Suppose m*a - a = 5, 2*y = 4*a + 400. Suppose 3*v = -2*s + y, v - 3*s = -0*v + 67. List the prime factors of v.
2
Let i = 53 + -44. Let y be -9*(4/i - 6/(-27)). List the prime factors of (-11 - y) + 59 - -4*1.
2, 29
What are the prime factors of 78960/((-21)/(-3)) + 3*2?
2, 3, 11, 19
Let g(f) = -2*f**2 - 68*f + 2. Let z be g(-34). Suppose 1424 = 3*t - x + z*x, 2*t - 972 = 5*x. List the prime factors of t.
2, 7, 17
What are the prime factors of (122970/4)/(795/1060)?
2, 5, 4099
What are the prime factors of (1110695/425)/(3 - (-14)/(-5))?
73, 179
Suppose 0 = -3*r - 2*k + 50111, 4*k + 35718 + 47793 = 5*r. List the prime factors of r.
16703
Let g(q) = 6617*q**3 - 14*q**2 + 18*q - 3. What are the prime factors of g(1)?
2, 3, 1103
Let h(i) be the first derivative of 5*i**3 - 3*i**2/2 - 2*i + 4. Let t be h(3). Suppose -3*q = -131 - t. List the prime factors of q.
5, 17
Suppose 4*l = 8*l - 940. Suppose 4*d - 3*h - l = 2*d, 2*h + 466 = 4*d. Let n = -88 + d. List the prime factors of n.
2, 7
Let i = -72 + 76. Suppose i*b - u - 4*u - 1810 = 0, 0 = 2*b + u - 898. Suppose 3*c - 4*g - b = 0, -3*g = 2*c - 0*c - 300. What are the prime factors of c?
2, 3, 5
Suppose -4*m + 16 = 0, 4*l = -m + 3 - 15. Let n be (-2)/(-4) - (-18)/l. Let t(d) = -21*d + 2. List the prime factors of t(n).
2, 43
Let o be (2 + -2)/(-6 + 7). Suppose o = -s - 22 - 48. Let w = s + 106. What are the prime factors of w?
2, 3
Suppose -4*t = -0*t - 14*t. Suppose t = -0*k - 3*k + 1782. What are the prime factors of k?
2, 3, 11
Suppose u + 8 - 31 = -5*z, 3*z - 27 = -5*u. Suppose 642 = 3*d - 3*b, 0 = -4*d + 2*b - z + 852. Suppose d = -21*c + 24*c. What are the prime factors of c?
2, 5, 7
Suppose -4*c + 13611 = 3*a, -241*c + a - 3402 = -242*c. List the prime factors of c.
3, 5, 227
Let c(n) = 36*n + 64. Let y(m) = m**3 + 16*m**2 - 21*m - 56. Let b be y(-17). What are the prime factors of c(b)?
2, 31
Let u = -1856 - -8721. What are the prime factors of u?
5, 1373
Let a(x) be the third derivative of -x**6/120 - 23*x**5/60 - 5*x**4/24 - 103*x**3/6 + 239*x**2 + 2*x. List the prime factors of a(-23).
2, 3
Suppose -5*u + 7 = -3. Let w(y) be the first derivative of 75*y**2/2 + 7*y + 2208. List the prime factors of w(u).
157
Let k = 35078 + -24236. List the prime factors of k.
2, 3, 13, 139
Let p be 2*(27895/10)/7. Suppose 0 = -7*q - 167 + p. List the prime factors of q.
2, 3, 5
Let b = -131 - -135. Let n(i) = 3*i**2 - 8*i + 19. List the prime factors of n(b).
5, 7
Let t = -433 + 431. List the prime factors of (-16)/(96/(-4554)) - (2 - t).
5, 151
Suppose -7*d - 53 = -8*d. Let v = d - 49. Suppose v*h - 176 = -7*h. List the prime factors of h.
2
Suppose 320*r - 324*r = 2*v - 65962, 0 = -v - 5*r + 32984. What are the prime factors of v?
3, 10993
Suppose -1641 = -2*w + 1789. Let i = w - 1033. List the prime factors of i.
2, 11, 31
Let l(x) be the first derivative of 3*x**3 + x**2/2 - 7*x - 640. Let p be -7 - -2 - 4/(-2). List the prime factors of l(p).
71
Suppose l = -4*d + 1501, 2*d + 4182 = 4*l - 1912. Suppose 0 = -11*z + 1075 + l. List the prime factors of z.
2, 59
Let h(c) = 50*c + 137. Let m be h(10). Suppose -3*d - 281 - 356 = -o, o + 5*d = m. List the prime factors of o.
7, 13
Let g be ((-1752)/(-20))/(30/(-100)). What are the prime factors of g*(364/(-8))/13?
2, 7, 73
Suppose 0 = q - 4*h - 25 + 7, -2*h - 8 = 0. Suppose 5*b - 19 = x + q*b, -4*b = 5*x. List the prime factors of (-4 + -8)*(201/x)/3.
3, 67
Let a = -19 - -28. Suppose 7*x - 1152 = -a*x. What are the prime factors of x?
2, 3
Let q(u) = -6*u + 1668. Let j be q(0). Suppose 166*i + j = 169*i. What are the prime factors of i?
2, 139
Let p be (-116)/(-12) + (-3)/(-9). Suppose -1950 = p*i - 0*i. What are the prime factors of (5 + 1)*i/(-13)?
2, 3, 5
Let c(o) = -135*o - 986. List the prime factors of c(-29).
29, 101
Suppose 2*u = -3*u - 5*t + 23320, u = t + 4652. What are the prime factors of u?
2, 17, 137
Suppose -4*k = -22 + 2. Suppose -k*s = -3*m, -m + 4*m - 18 = -s. What are the prime factors of 103 + -1 - (m - (2 + 4))?
103
Let j be 852/(-9)*(3978/(-12))/13. Let n = j + -1442. What are the prime factors of n?
2, 3
Let u(k) = -1293*k - 7*k**2 + 1263*k + 3 - 22 + k**3. List the prime factors of u(15).
11
Suppose 0 = 5*n + 4*x + 25667, -n - 5122 = 6*x - 9*x. List the prime factors of 3/(((-84)/n)/4).
733
Let v(o) = 11*o + 21. Let k be v(-2). What are the prime factors of (k/(-1))/(32/39136)?
1223
Let b = 721 + -177. Suppose -7*o + b = o. List the prime factors of o.
2, 17
Suppose -21*n - 5*m + 16 = -24*n, 21 = 2*n + 3*m. Suppose b + n*c = 284, -2*b + 5*c - 1108 = -6*b. List the prime factors of b.
2, 17
Let a = 14304 + -1288. List the prime factors of a.
2, 1627
Let d = 24 + 0. Suppose -4*o + 108 = -d. List the prime factors of o - (3 - 3)/(-1).
3, 11
Let a be 1 + 2 + 1 + -4. Let q be (-1712)/(-32) - (-1)/2. Suppose 4*c + 2*g = 40, -4*c + a*g = -5*g - q. List the prime factors of c.
11
Let b(g) = -4*g**2 + 14*g + 17. Let k(h) = 4*h**2 - 13*h - 16. Let n(r) = 2*b(r) + 3*k(r). List the prime factors of n(-13).
5, 7, 23
Suppose -724*m + 412*m + 8768760 = 0. What are the prime factors of m?
5, 7, 11, 73
Suppose -5*i - 10 = 0, 3*q - i + 46 - 459 = 0. Let p be q/((-2)/(-6) + 8/12). Suppose 0 = 3*c - p - 208. What are the prime factors of c?
5, 23
Suppose 0 = -142*o + 490777 + 1616361. List the prime factors of o.
11, 19, 71
Suppose 6*s - 634 = 434. Suppose y + n = 172, -4*y + 5*n + s = -3*y. What are the prime factors of y?
173
Let u(h) = -h**3 - 9*h**2 - 13*h + 10. Let n(c) = c**3 - 8*c**2 - 2*c + 9. Let g be n(8). Let b be u(g). Let j = b + 28. List the prime factors of j.
31
Let s(r) = 14*r**2 - 6*r. Let b be s(1). Let l(g) = -b - g**2 + 10*g**2 + 1 + 16*g - 6*g. What are the prime factors of l(5)?
2, 67
Let m be (-32)/4 - (-5 - -3). Suppose 12*b + 68 = -4. What are the prime factors of 3 - 326/m - (-2)/b?
3, 19
Let t = 75829 + -29918. List the prime factors of t.
31, 1481
List the prime factors of ((-6)/9)/(1*10/(-381540)).
2, 6359
Let z(f) = -f**2 + 11*f - 29. Let i be z(8). What are the prime factors of i*6/(-15) - (-1 + -75)?
2, 3, 13
Suppose -2*c + 5*d = -18, -66*d + 61*d = -c + 9. Suppose 0 = 46*a - c*a - 48877. List the prime factors of a.
1321
List the prime factors of 570/19*(-834)/(-4).
3, 5, 139
Let y(j) = -70*j**3 - 12*j**2 - 8*j - 57. List the prime factors of y(-10).
3, 2549
Let m = 25 + -21. Suppose -m*h + 4*f + 190 = f, -3*h = -f - 145. Let w = h - 30. List the prime factors of w.
19
Let g(k) = -4*k - 19. Suppose 0 = -2*j - j - 12. Let l(s) = 8*s + 37. Let m(y) = j*l(y) - 9*g(y). What are the prime factors of m(17)?
7, 13
Let v(u) = 809*u + 441. What are the prime factors of v(17)?
2, 47, 151
What are the prime factors of (-34)/(-459) + (0 - 2666190/(-81))?
2, 3, 13, 211
Let y = 7707 + -4440. What are the prime factors of y?
3, 11
Let g = -3883 + 7171. List the prime factors of g.
2, 3, 137
Suppose -12*t = -5263 - 857. Let l = t + -3. List the prime factors of l.
3, 13
Let d(w) = 486*w + 7797. List the prime factors of d(109).
3, 47, 431
Suppose -5*h + 3*n + 10 = -20, -n = 4*h - 7. Suppose -42*r - h*p + 620 = -40*r, 3*r = 3*p + 900. What are the prime factors of r?
2, 19
Let x be 2/4*0/(-1 + 9). Suppose i = -2, -4*i + 56 = p - x. Suppose -p = -4*c + 92. What are the prime factors of c?
3, 13
Let h = 239 + -69. Suppose -3*i - 4*y + 31 = 0, -6*i + 7*i = y + 1. Suppose 0 = 3*j + 5*p - h - 84, 4*p + 448 = i*j. What are the prime factors of j?
2, 11
Let m(u) = u**3 + 26*u**2 + 46*u - 43. Let c be m(-24). Suppose 128 = -3*r + c*r. What are the prime factors of r?
2
Let x = -8 - -2. Let j(y) = 23 - 230*y + 227*y + 18. List the prime factors of j(x).
59
Suppose 4*q